 a factor of q?
False
Let l(a) = -7*a - 3. Let z(y) = 5*y + 0*y**3 - 3*y**3 + 4*y**2 + 4*y**3 + 3. Let n be z(-3). Is l(n) a multiple of 8?
False
Let b(k) = 9*k**2 - 2*k + 1. Let o be b(4). Let z be 2/1*-1*(-174)/(-4). Let w = z + o. Does 25 divide w?
True
Let h = 88 + -28. Does 12 divide h?
True
Let o(p) = 3*p**3 + 2*p**2 - 2. Let i be o(-2). Let n be ((-4)/3)/(12/i). Let b = n - -1. Does 3 divide b?
True
Suppose -2*l = c - 15, 2*c + 2*c - 32 = -4*l. Is 2 a factor of l?
False
Let g(l) = -l**2 - 9*l - 2. Let q be 32/(-5) - 18/30. Is g(q) a multiple of 3?
True
Let d(o) = 2*o + 96. Is 16 a factor of d(0)?
True
Let a(w) = -10*w + 2. Is a(-3) a multiple of 8?
True
Suppose -y = -3*j - 2*y - 1, -5*j + y + 1 = 0. Suppose 0*b + 3*b - 30 = 0. Let h = b - j. Does 6 divide h?
False
Let b(c) = c + 18. Let n be b(-14). Suppose -3*j + r = -4*j + 96, -n*r = 3*j - 286. Does 27 divide j?
False
Let o = -34 - -70. Does 8 divide o?
False
Suppose 4*a + 2*g + 3*g + 5 = 0, -4*a - 4*g = 0. Suppose 0 = -a*p + 12 - 2. Suppose -16 - 68 = -p*q. Is q a multiple of 18?
False
Suppose -3*j + 1 + 5 = 0. Let x(u) = -u**2 - u + 16. Let o be x(0). Suppose 0 = j*k - 16 - o. Is 8 a factor of k?
True
Let f = 18 - 13. Suppose p + 61 = 3*c, -f*c + 115 = -p - 4*p. Is 9 a factor of c?
False
Let a be 2 + 1/(2/24). Let f = -5 + a. Does 2 divide f?
False
Does 5 divide 3/(-12) - 9/24*-70?
False
Suppose 3*f = -4*a - 22, 2*f - a + 11 = -11. Does 25 divide (-645)/f + (-2)/(-4)?
False
Let s be (-4)/16 - (-26)/8. Suppose 0 = -s*d - 0*d + 57. Does 15 divide d?
False
Suppose -3*x = -20 - 1. Is x a multiple of 7?
True
Suppose -12 = 5*n + 2*r, 3 = -2*r + 1. Let t = n + 15. Is t a multiple of 4?
False
Suppose 380 = 11*o - 7*o. Is o a multiple of 31?
False
Let h = 54 + -15. Suppose 3*k - h = -3*f, 0 = 2*f - f - k - 11. Is f a multiple of 4?
True
Let s be 1/((-4)/(-176)*4). Let y(d) = d + 6. Is 3 a factor of y(s)?
False
Suppose 2*p + 4*f = 0, 2*p + 0*f - f - 15 = 0. Is p a multiple of 6?
True
Let x be (2024/(-24))/(1/(-3)). Let t = x + -159. Is t/4*2 + -1 a multiple of 15?
False
Let v = 280 + -161. Is 20 a factor of v?
False
Let s be 4/(-6) + (-10)/3. Let t be (2/(-5))/1*45. Is 9 a factor of 368/36 - s/t?
False
Let i(y) = -y**3 - 31*y**2 - 33*y + 3. Is 5 a factor of i(-30)?
False
Let y(u) = -2*u**3 - u**2 + u - 2. Let p be y(-2). Suppose 3*v + 26 = -10. Let q = p - v. Is q a multiple of 10?
True
Let w = 56 - -4. Is 10 a factor of w?
True
Suppose o = -o - 5*d, 0 = -4*o - 2*d. Let p = 5 - o. Does 5 divide p?
True
Suppose z = -z + 8. Let l be 6/z*(-40)/(-15). Suppose 2*p = 4*s - 3*s - 4, -21 = -l*s + 3*p. Does 5 divide s?
False
Let c be 1/(-2)*(-7 - -3). Suppose 4*d + 148 = 4*a, -c*d = -5*a - 3*d + 179. Is a a multiple of 14?
False
Suppose 4*h + 3*h = 714. Does 27 divide h?
False
Let o(n) = 4*n**2 - n + 1. Let v = -5 + 7. Does 15 divide o(v)?
True
Let o be 6/(-9) - 164/6. Let a = -14 - o. Suppose 5*d = -p + 21, d - 38 = -2*p - a. Does 11 divide p?
True
Suppose -14 = -2*g - 4. Suppose l = g*l - 40. Suppose -3*a + 23 = -l. Is a a multiple of 11?
True
Suppose 4*o = 2*u + 24, 0*u = -3*u - 2*o + 4. Let l(a) = 2*a**2 - 2. Let g be l(u). Let q = g - -2. Does 4 divide q?
True
Let j(t) = -16*t + 1. Let a be j(-1). Suppose 5*g - 150 = 5*y, 3*g - 88 = -0*g + 2*y. Let b = g - a. Is b a multiple of 11?
True
Let s be (-2)/8 + 339/12. Suppose -4*l = -s - 44. Does 10 divide l?
False
Let b = -1 - -1. Suppose -n + 5*n - 12 = b. Suppose n*m - 12 - 90 = 0. Is 17 a factor of m?
True
Let h be (3 - 4) + 0 - 59. Does 15 divide 602/12 + 10/h?
False
Let k(d) = -2 + d**3 - 3 - 4 + 8*d**2 + 5*d. Let b be k(-7). Suppose 0 = b*l + g - 45, -2*l + 40 = -5*g - 5. Does 5 divide l?
True
Suppose 0 = 2*c - 4*c - 4*r + 46, 2*c + r = 37. Let v = c + -10. Does 13 divide (v + 1)*28/8?
False
Suppose 1 = -2*h - 7, 0 = 3*i - 5*h - 32. Let b = i - 2. Is 6 a factor of -1 + b + 22/2?
True
Suppose 3*j - 293 = -59. Is j a multiple of 13?
True
Suppose 2*o - 7 = d, -3*d = 2*d - 5*o + 35. Let i be (-88)/14 + (-2)/d. Is 9/i*52/(-6) a multiple of 13?
True
Suppose 32*t - 28*t = 64. Let n(b) = b**3 + b**2 + b - 4. Let j be n(0). Is 17 a factor of t - (-2 - (j + 3))?
True
Suppose 0 = -7*a + 212 + 271. Is 8 a factor of a?
False
Suppose 7*n - 360 = 2*n. Does 18 divide n?
True
Suppose -26 = k - 6*k + 2*o, 2*k = -3*o - 1. Suppose k*a = 3*a + 13. Is a a multiple of 6?
False
Suppose 0 = 3*y - 0*y. Let b = 7 + y. Is b a multiple of 3?
False
Suppose -45 = -o + 13. Let b = o - 34. Does 7 divide b?
False
Let x(k) = 3*k**3 - 18*k**2 + 28*k - 7. Let w(f) = 2*f**3 - 12*f**2 + 19*f - 5. Let d(q) = -7*w(q) + 5*x(q). Does 7 divide d(5)?
False
Suppose -2*r = 4*b - 356, 914 = -2*r + 7*r + 2*b. Suppose 0*o - 3*w = -4*o - 185, 4*w = 4*o + r. Let f = 69 + o. Is 22 a factor of f?
True
Let n(u) = -47*u + 2. Is n(-1) a multiple of 7?
True
Let t be 28/6 - 8/12. Let i(n) = 0 - 3*n**2 - 4*n + t*n**2 - 3. Is 14 a factor of i(7)?
False
Let r(c) = 4*c**2 + 4*c + 19. Let z(f) = 5*f**2 + 5*f + 19. Let u(v) = 6*r(v) - 5*z(v). Is u(0) a multiple of 19?
True
Let m(d) = -d**3 - 10*d**2 + 4*d + 15. Let t be m(-10). Let b = -12 - t. Is 13 a factor of b?
True
Let x = -118 - -468. Suppose -x = -a - 4*a. Does 20 divide a?
False
Suppose -3*f + 126 = -0*f + 2*c, -f = -5*c - 59. Does 6 divide f?
False
Suppose -4*s - 2 = -2*n - 14, n - 19 = -3*s. Let k(a) = 2*a**3 - 3*a**3 - 5*a**2 - 8*a + s + 4*a. Is k(-4) a multiple of 2?
False
Let h(c) = c**2 + c - 6. Let p be h(5). Suppose -8*y + 10*y = p. Does 8 divide y?
False
Let j be (0 - -3)*2/(-3). Suppose -3*d + d - 5*o = -8, -d + o = 3. Is 22 a factor of j/d + (-80)/(-4)?
True
Suppose 0 = 5*m - m - 196. Suppose -3*y + 2*y = -n + 7, -3*n + m = 4*y. Suppose -4*l = -20, -2*r + 4*r - 5*l - n = 0. Does 9 divide r?
True
Suppose 2*o = 3*r - 432, 0 = 3*o - 14 + 5. Does 21 divide r?
False
Let m = -17 + 5. Let i(h) = -h + 10. Let u be i(8). Is 9/(u/(m/(-9))) a multiple of 3?
True
Let u = 270 + -183. Does 29 divide u?
True
Let g(p) = -21*p - 2. Is g(-2) a multiple of 10?
True
Let s = 2 - -68. Let n = s + -41. Is 16 a factor of n?
False
Suppose 2 - 10 = -4*p. Let c = 5 - p. Does 3 divide c?
True
Let i(c) = c**3 - 7*c**2 + 7*c + 1. Let k(d) = -d**3 + 4*d**2 + 5*d + 2. Let u be k(5). Suppose u = 5*a - 28. Does 7 divide i(a)?
True
Suppose -3*v - 24 = v. Let l = v - -11. Let o = 19 - l. Is o a multiple of 7?
True
Suppose 3*i - 15 = -0*i. Suppose -q + 1 = 2*n + 4, 0 = -q + i*n + 25. Suppose -3*v + 123 = 5*m, -q*v + 3*m = 7*m - 218. Is v a multiple of 16?
False
Let g = 33 + -19. Is g a multiple of 7?
True
Let o = 4 + -1. Suppose -o*p + 48 = -0*p. Is p a multiple of 11?
False
Is 13 a factor of 492/19 - 14/(-133)?
True
Let r(f) = f + 12. Let p be r(-12). Suppose 3*o = -3*j + 84, p = 5*j + 4*o - 178 + 40. Is j a multiple of 13?
True
Suppose -5*b + 3*b + 26 = 0. Let h = 8 + b. Does 21 divide h?
True
Let x(i) = 154*i**2 + 3*i + 3. Does 22 divide x(-1)?
True
Suppose 3*a + 5*t = -20, -3*t + 0 = -a + 12. Suppose -5*o - c + 2*c = 3, a = -4*o + 4*c - 12. Let b = 5 - o. Is b a multiple of 3?
False
Is 5 a factor of (-5)/((-24)/18 + 1/3)?
True
Suppose -20 = -3*p - p. Suppose p*d - j = 2*j - 37, 5*d = -j - 41. Let r = d - -24. Is 8 a factor of r?
True
Suppose 15 = -p + 5*m, 3*m + 0*m = 3*p - 3. Let f be ((-3)/2)/(3/(-18)). Suppose -41 = -p*g + f. Does 5 divide g?
True
Suppose -114 = -5*s - 3*i, -2*s = -3*s - 4*i + 16. Is s a multiple of 12?
True
Let j(a) = a**3 - 6*a**2 + 7*a - 4. Let f be j(5). Let w be (1/2)/(3/f). Is 10 a factor of (w*-1)/((-4)/104)?
False
Let p = -39 - -44. Does 2 divide p?
False
Suppose 17 = 5*y - 13. Let j = 18 - y. Is j a multiple of 12?
True
Suppose 0 = 5*r - 4*z - 144, 3*z - 18 = -6. Suppose -r - 16 = -2*l. Does 12 divide l?
True
Let i(c) = -13*c**2 + 5*c + 9. Let l(k) = -4*k**2 + 2*k + 3. Let f(y) = 2*i(y) - 7*l(y). Is 27 a factor of f(-3)?
True
Let u(j) = 2*j**3 + 20*j**2 - 5*j - 5. Does 26 divide u(-10)?
False
Let q(b) = 11*b**3 + 3*b**2 + 1. Let m(z) = -33*z**3 - 8*z**2 - 3. Let i(l) = 3*m(l) + 8*q(l). Suppose -2*u = -u + 1. Is 5 a factor of i(u)?
True
Let t = 1 + -43. Does 11 divide 0 - t - (-6 + 6)?
False
Let f(w) be the second derivative of -w**3/2 - 2*w**2 + w. Let d = -4 + -4. Does 14 divide f(d)?
False
Let m(f) = f**3 + 3*f**2 - 4*f - 1. Is m(-3) a m